21 + 535 - 6/(-4)*-2. Let f = 556 - t. Let s(l) = l**2 + l. Give s(f).
12
Let s(v) = 0*v**2 + 3 + 0 + 8*v - v**2. Suppose -52*d + 49*d = -6. Suppose d*x = -3*x + i + 37, -5*i = 3*x - 39. Give s(x).
3
Let b(i) = -i**3 - 10*i**2 + 43*i + 29. Suppose 0 = -35*u - 421 - 34. Give b(u).
-23
Let o(r) be the third derivative of r**7/840 + r**6/60 - r**5/120 - r**4/6 - 82*r**3/3 + 174*r**2. Let b(n) be the first derivative of o(n). Calculate b(-6).
2
Let n(m) = 1136 + 1131 - 2238 - m. Give n(10).
19
Suppose -97*q = -137*q. Let g(s) be the second derivative of 13*s + 0*s**2 + q*s**3 - 1/20*s**5 - 1/12*s**4 + 0. Give g(0).
0
Let h(q) = -1 - 3*q**2 + 11*q**3 + 21*q**3 + q + 2*q**2 - 8*q**3. Let x = -15685 - -15686. Give h(x).
23
Let y(i) = -i. Let m(q) be the first derivative of q - 22. Let f(d) = 5*m(d) + 3*y(d). Let v = 2 + 5. Calculate f(v).
-16
Let i(p) = -p**2 + 4*p**2 + p**3 - p**2 + 14*p**2 - 8 - p**2. Calculate i(-15).
-8
Suppose -t - 28 = -5*t - 4*x, -5*x = -4*t - 17. Suppose -4*n + 2*r + t = 0, -23*n = -26*n + 2*r - 1. Let m(v) = v**3 + v**2 - 2*v + 2. Give m(n).
32
Let p(j) = j**3 + 3*j**2 - 4*j. Suppose 4*n = -4*h - 0*h + 92, -2*h - n = -44. Let q = -7 + 12. Suppose 3*y - q*b + 37 = 0, -4*y + 3*b - h = 2*b. Give p(y).
0
Let c(r) be the first derivative of 3*r + 4 + 1/4*r**4 - 5/3*r**3 - 1/2*r**2. Let h be 96/36*(-6)/(-4). Determine c(h).
-17
Let x(b) be the first derivative of b**3/3 + b**2 + 12*b + 1299. Determine x(-3).
15
Let y(j) = 143 - 80 + 85 - 117*j**2 + 16*j + 231*j**2 - 115*j**2. Calculate y(-7).
-13
Let o(d) = -d**3 + 6*d**2 - 6*d + 5. Let j be o(5). Let r(m) = 37*m**2 - 11*m + 240. Let c(f) = 68*f**2 - 20*f + 433. Let i(u) = 6*c(u) - 11*r(u). What is i(j)?
-42
Suppose 9 = -3*r + 3. Let v(u) = -13*u + 7. Let i(k) = 6*k - 3. Suppose 4*w - 18 = -t - t, 4*t = 12. Let p(z) = w*v(z) + 7*i(z). Give p(r).
-6
Let t(h) be the third derivative of h**5/60 + 3*h**4/8 + 5*h**3/6 + 543*h**2. What is t(-5)?
-15
Suppose -4*a + 10*a - 192 = 0. Let q(y) = -y**3 + 33*y**2 - 32*y - 9. Let j be q(a). Let g(w) = w**3 + 8*w**2 - 10*w. Give g(j).
9
Let n(q) = 11*q - 85. Let j(k) = -23*k + 166. Let d(b) = 6*j(b) + 13*n(b). Calculate d(23).
6
Suppose -238 = -52*l + 155 - 81. Let c(u) = -u**3 + 5*u**2 + 5*u - 3. Calculate c(l).
-9
Let s be 1/8 + 717/24. Let b(d) = 23 - 11*d + d - s - d**2. Let o be 5/(10/(-16)) + -3 + 3. What is b(o)?
9
Suppose -4635*r - 156 = -4648*r. Let q(j) = -j**3 + 12*j**2 - 5*j + 16. Determine q(r).
-44
Suppose 0*y + y = -3, -o - y = 8. Let a(t) = t + 1. Let c(w) = 2*w. Let f(u) = -15*u + 2. Let h(q) = 24*c(q) + 3*f(q). Let n(r) = o*a(r) + h(r). What is n(-4)?
9
Let y(l) = 241*l + 8439. Let a be y(-35). Let v(h) be the first derivative of a + 1/2*h**2 - h**3 + 3*h - 1/4*h**4. Calculate v(-3).
0
Let n(q) = -9472 + 44*q - 16*q + q**2 + 9657. Calculate n(-19).
14
Let q(d) = 34*d + 334. Let a be ((-35)/(-7))/((-2)/(-8) + 21/(-28)). Calculate q(a).
-6
Let l(y) = -5*y + 4. Let c(h) = 94*h + 251. Let k(u) = -48*u - 125. Let w(f) = 3*c(f) + 5*k(f). Let i be w(-3). What is l(i)?
-6
Let f(x) be the first derivative of -x**3/3 + 11*x**2/2 - 16*x - 558. Give f(3).
8
Let x(c) = 5*c + 34 + 2*c**2 - 16 - 14. Let f = -33 - -46. Suppose -5*w - f = 2. What is x(w)?
7
Suppose -73 = -19*b + 57*b + 3. Let j(t) = -9*t - 18. Determine j(b).
0
Let p(u) be the first derivative of -u**3/3 + 5*u**2/2 + 9*u - 1801. Calculate p(6).
3
Let k(w) = -21*w**3 + 32*w**2 - w - 11. Let h(r) = -4*r**3 + 6*r**2 - 2. Let x be (82/(-246))/(1 + 34/(-33)). Let j(c) = x*h(c) - 2*k(c). Calculate j(-2).
20
Suppose -1536 = -93*d - 26*d + 23*d. Let g(a) = 4*a**3 - 63*a**2 - 19*a + 40. Give g(d).
-8
Let x(q) = 3 + q**2 - 3 + 4*q. Let o be (-6)/4*(-1110)/(15/(-3)). Let c = 329 + o. Determine x(c).
0
Suppose -121*q + 122*q - 2 = 0. Let d(m) = 3*m**2 - 3 - m**q - 4*m**2 + 0*m**2. What is d(0)?
-3
Suppose 292*u + 122 - 122 = 0. Let t(m) = m**3 - m**2 + 4*m - 6. Calculate t(u).
-6
Let z(p) = -5*p + 147. Suppose -6*a = 5*l - 3*a - 117, -a = -5*l + 141. Calculate z(l).
12
Let y(t) = -t**2 + 5*t + 4. Suppose 5*n + 10*u - 2*u = -35, -2*u - 14 = 2*n. Give y(n).
-80
Let b be 11 - (-2 + 0 + 0). Suppose 17 = l + b. Let r(o) = -l*o + o - 4*o + 2*o. Give r(-2).
10
Let d(i) = 3*i - 3*i + 0*i - 6*i + 0*i + 16. What is d(6)?
-20
Let g = -669 + 672. Let w(d) be the second derivative of 10*d - 5/2*d**2 + 0 + 1/6*d**g. Determine w(0).
-5
Suppose 0 = -5*u - 4*g - 66 + 15, -5*u - 23 = -3*g. Let x(n) = -7 - 10*n**2 + 6*n - 3 - 6*n**2 + 17*n**2. Calculate x(u).
-3
Let y(x) = 1 + 1643*x - 1637*x + 62. Calculate y(-11).
-3
Let g = 2 - -11. Let f(c) = 1 + g*c**2 - 2*c + 2*c. Suppose -53 = 5*o + 12, 2*p = 3*p - o - 14. Determine f(p).
14
Let r = -27682 + 27679. Let c(x) = 2*x**2 - 4*x - 3. Give c(r).
27
Let j(m) be the second derivative of m**3/6 + 7*m**2 + 8911*m. Determine j(-19).
-5
Let i = -898 - -506. Let b = i + 394. Let r(z) = -5*z. What is r(b)?
-10
Let m(o) = -o**3 + 20*o**2 - 18*o + 10. Let q be m(19). Let d = q - 24. Let t(k) = 354*k**2 + 4*k**3 - d*k**3 - 4 - 349*k**2. Determine t(5).
-4
Let p = -8 - -9. Let b(x) be the third derivative of -5*x**2 + 0 + 0*x + 1/8*x**4 + 1/6*x**3. Calculate b(p).
4
Let t(n) = 23*n - 4 + 23*n - 31*n + 2 + 10*n. Calculate t(-1).
-27
Let w(r) be the first derivative of r**4/6 - 8*r**3/3 + 5*r**2 - 23*r + 80. Let l(a) be the first derivative of w(a). What is l(7)?
-4
Let o(a) = -3*a + 10. Let p(b) = -29*b + 35. Let v(u) = 6*o(u) - p(u). Determine v(4).
69
Let r = -1 - -5. Let z(o) = 26*o**2 - 2. Let q(u) = -2*u**2. Let h(l) = 12*q(l) + z(l). Let p(n) = -9*n**2 + 3*n + 3. Let j(b) = 4*h(b) + p(b). What is j(r)?
-9
Let u(i) = -6*i + 73. Let y be u(12). Let v be 40/10 - (y + 1). Let a(c) = 3*c**3 - 2*c**2 - 2*c. Determine a(v).
12
Let r(x) be the third derivative of -x**6/120 + x**5/10 - 5*x**4/24 - x**3/3 + 691*x**2. Suppose 0 = 6*q - q - 25. Give r(q).
-2
Let n(q) = -76*q + 76. Let a(z) = -35*z + 39. Let k(c) = 5*a(c) - 2*n(c). Give k(2).
-3
Let l(t) = -18*t - 99. Let d(v) = -v**2 + 35*v + 559. Let r be d(-12). Determine l(r).
-9
Let g = 125 + 56. Suppose k - g = 149. Let s(c) = k*c + 18 - 329*c - 5. Determine s(0).
13
Let k(g) be the third derivative of -g**6/120 + g**5/60 - g**4/12 + g**3/6 + 2*g**2. Suppose 2*y = -40 + 796. Let z = y - 377. What is k(z)?
-1
Suppose -468*k - 2636 = 191*k. Let f(w) = -4 + 3*w - w - w. What is f(k)?
-8
Let q = 24 - 31. Let a(k) = -10*k + 22. Let b(t) = 3*t - 7. Let x(s) = q*b(s) - 2*a(s). Calculate x(7).
-2
Let y be (3 + -9 + 6)/(-2). Suppose -5*w - 6*o = -10*o + 39, -2*w - 4*o - 38 = y. Let p(l) = 2*l + 17. Give p(w).
-5
Let y(q) = 53*q - 2. Let h be (-30)/(-26) - 22/(-1573)*-11. Give y(h).
51
Let c(f) = 373 - f**2 + f**3 - 187 - 180. Let k(y) = -y + 11. Let t be k(11). What is c(t)?
6
Let z(b) = b**2 - 11*b - 17. Suppose 12*q = -5*t + 126, -4*t - q + 2*q + 69 = 0. Give z(t).
109
Let w(g) = -g**3 - 20*g**2 - 23*g - 64. Suppose 6*o - 435 = 3*o - 492. Calculate w(o).
12
Let o(n) = 4*n. Let s(x) = -7*x - 54. Let y(m) = -10*o(m) - 2*s(m). Give y(4).
4
Let n(y) = y**3 + 18*y**2 - 29*y - 5. Let w(s) = 2*s**3 + 35*s**2 - 40*s - 10. Let d(l) = 5*n(l) - 3*w(l). Determine d(-13).
-8
Let z(p) = p - 3. Let g(q) = 3*q - 9. Let a(d) = 3*g(d) - 8*z(d). Let r be 5/(-20) - (-69)/4. Suppose -r = 8*u + 7. Give a(u).
-6
Let l(k) = 3*k - 61. Let b(m) = -m + 21. Let v(h) = -17*b(h) - 6*l(h). Let n(d) = 0*d + 3 - d - 4. Let i(p) = n(p) + v(p). Determine i(7).
-6
Let a(y) = 14 - y**2 - 67252*y - 67250*y + 134507*y. Give a(0).
14
Let a(k) = -k**2 - 148*k + 293. Let w be a(2). Let n(u) = 9*u. Calculate n(w).
-63
Let x(h) = 10*h - 48. Let q(u) = u - 16. Let m be q(14). Let d(r) = -2*r + 9. Let l(f) = m*x(f) - 11*d(f). Give l(-8).
-19
Let k(o) = -o + 1. Suppose -x = -52 + 19. Suppose -x = -3*l - 45. Determine k(l).
5
Let m(c) = c**2 + 2*c. Suppose -2*z - 8*z - 40 = 0. Let j be (-2 + z)*1/3. Give m(j).
0
Suppose 5*x - 4*v - 23 = 0, 4*v + 1 = -3*x + 2. Suppose 5*o + 6 = -5*d - 4, -3*o = -x*d + 36. Let q(h) = 2*h + 9. Give q(o).
-5
Let w(x) be the first derivative of 1 - 1/2*x**2 - 6*x. Let s be w(-3). Let k(m) = m - 1. Calculate k(s).
-4
Let y(p) = p**2 + 8*p - 7. Suppose 2 + 1 = -3*k, 274 = 3*h + 2*k. Suppose -25*b + h = 292. Calculate y(b).
-7
Let o(i) = -2*i + 6